eds digit of 451390785?
7
What is the hundred thousands digit of 59069437?
0
What is the tens digit of 368399272?
7
What is the ten millions digit of 396457206?
9
What is the thousands digit of 102117797?
7
What is the tens digit of 22568929?
2
What is the hundreds digit of 194731628?
6
What is the millions digit of 208607380?
8
What is the units digit of 104037379?
9
What is the thousands digit of 284596943?
6
What is the thousands digit of 6163151241?
1
What is the hundreds digit of 88297342?
3
What is the hundred thousands digit of 975244072?
2
What is the billions digit of 1494569610?
1
What is the thousands digit of 2360013658?
3
What is the hundred millions digit of 420743602?
4
What is the hundreds digit of 63049484?
4
What is the ten millions digit of 855874398?
5
What is the tens digit of 44520493?
9
What is the tens digit of 12295496?
9
What is the units digit of 236341604?
4
What is the hundred thousands digit of 399903543?
9
What is the units digit of 1284818237?
7
What is the ten millions digit of 47519873?
4
What is the hundred millions digit of 1234891891?
2
What is the units digit of 940349112?
2
What is the hundreds digit of 542594154?
1
What is the units digit of 1082255914?
4
What is the ten thousands digit of 116891913?
9
What is the billions digit of 1374715247?
1
What is the ten thousands digit of 515323822?
2
What is the tens digit of 1590701426?
2
What is the millions digit of 187605937?
7
What is the tens digit of 509938176?
7
What is the thousands digit of 383330102?
0
What is the ten thousands digit of 58412721?
1
What is the units digit of 87063526?
6
What is the hundreds digit of 301180693?
6
What is the tens digit of 3664790417?
1
What is the ten millions digit of 70347250?
7
What is the millions digit of 503627438?
3
What is the millions digit of 53327127?
3
What is the hundred thousands digit of 756655704?
6
What is the hundred thousands digit of 700616120?
6
What is the hundred thousands digit of 63143607?
1
What is the ten thousands digit of 147956788?
5
What is the ten millions digit of 2919967494?
1
What is the millions digit of 1523355207?
3
What is the units digit of 557414812?
2
What is the units digit of 3642275080?
0
What is the ten thousands digit of 91616640?
1
What is the millions digit of 566742788?
6
What is the thousands digit of 102712162?
2
What is the ten thousands digit of 169668389?
6
What is the millions digit of 7393442?
7
What is the hundreds digit of 446977394?
3
What is the ten millions digit of 13321651?
1
What is the millions digit of 425023323?
5
What is the hundreds digit of 17216724?
7
What is the tens digit of 104469471?
7
What is the hundred millions digit of 1784474923?
7
What is the thousands digit of 2755272030?
2
What is the units digit of 55469614?
4
What is the tens digit of 7917040204?
0
What is the millions digit of 370326239?
0
What is the tens digit of 76426312?
1
What is the ten millions digit of 368788221?
6
What is the ten millions digit of 18859374?
1
What is the thousands digit of 82117949?
7
What is the millions digit of 772797928?
2
What is the hundred millions digit of 1618971564?
6
What is the hundred thousands digit of 5435826262?
8
What is the units digit of 102444178?
8
What is the ten millions digit of 580023283?
8
What is the ten thousands digit of 3203581114?
8
What is the millions digit of 362896987?
2
What is the millions digit of 496632968?
6
What is the ten millions digit of 795772513?
9
What is the tens digit of 17782879?
7
What is the ten millions digit of 305930059?
0
What is the hundred millions digit of 5255902418?
2
What is the ten thousands digit of 12901168?
0
What is the hundred thousands digit of 369415679?
4
What is the hundreds digit of 594914050?
0
What is the hundred thousands digit of 4484098199?
0
What is the millions digit of 199715119?
9
What is the hundred millions digit of 983538943?
9
What is the hundred thousands digit of 1663208559?
2
What is the hundred millions digit of 229386339?
2
What is the tens digit of 263035859?
5
What is the units digit of 26499013?
3
What is the ten thousands digit of 51128914?
2
What is the millions digit of 6846961079?
6
What is the units digit of 58630477?
7
What is the units digit of 225272664?
4
What is the hundred thousands digit of 163248039?
2
What is the hundred thousands digit of 126997863?
9
What is the ten thousands digit of 38773311?
7
What is the tens digit of 233607792?
9
What is the ten millions digit of 498802770?
9
What is the units digit of 192665700?
0
What is the millions digit of 21464668?
1
What is the units digit of 77284192?
2
What is the millions digit of 49885818?
9
What is the ten thousands digit of 26341979?
4
What is the hundred thousands digit of 457815489?
8
What is the tens digit of 44217777?
7
What is the hundreds digit of 4268629602?
6
What is the billions digit of 2547933840?
2
What is the tens digit of 288336647?
4
What is the thousands digit of 513064305?
4
What is the millions digit of 2797896403?
7
What is the hundred thousands digit of 14852118?
8
What is the tens digit of 21774838?
3
What is the units digit of 1365129858?
8
What is the ten millions digit of 51128425?
5
What is the hundred thousands digit of 1370220846?
2
What is the thousands digit of 235556090?
6
What is the thousands digit of 42713769?
3
What is the ten millions digit of 21249865?
2
What is the hundreds digit of 119508683?
6
What is the tens digit of 857798077?
7
What is the units digit of 911766080?
0
What is the hundreds digit of 470578642?
6
What is the hundred millions digit of 2042779715?
0
What is the ten millions digit of 190314209?
9
What is the millions digit of 536931256?
6
What is the hundreds digit of 143744087?
0
What is the units digit of 112942485?
5
What is the units digit of 5320966?
6
What is the tens digit of 238955851?
5
What is the tens digit of 140861618?
1
What is the ten millions digit of 45857714?
4
What is the tens digit of 126619357?
5
What is the units digit of 5548569685?
5
What is the tens digit of 292562861?
6
What is the ten thousands digit of 4753746555?
4
What is the hundred thousands digit of 179403924?
4
What is the millions digit of 17902643?
7
What is the thousands digit of 15813929?
3
What is the ten millions digit of 922918834?
2
What is the hundred thousands digit of 101450181?
4
What is the hundreds digit of 420280234?
2
What is the thousands digit of 1128606898?
6
What is the tens digit of 786357140?
4
What is the hundred thousands digit of 215835274?
8
What is the ten thousands digit of 80963665?
6
What is the ten millions digit of 941561198?
4
What is the tens digit of 35267073?
7
What is the millions digit of 5834505?
5
What is the millions digit of 2134680806?
4
What is the units digit of 395834388?
8
What is the hundreds digit of 366882892?
8
What is the units digit of 24325307?
7
What is the hundreds digit of 1341986466?
4
What is the units digit of 412338163?
3
What is the units digit of 191016458?
8
What is the hundreds digit of 3514233398?
3
What is the units digit of 559979153?
3
What is the units digit of 185618684?
4
What is the units digit of 269752612?
2
What is the hundred millions digit of 1572270529?
5
What is the units digit of 3676201236?
6
What is the hundred thousands digit of 999785455?
7
What is the hundred millions digit of 396169680?
3
What is the hundred thousands digit of 2328680?
3
What is the thousands digit of 854835700?
5
What is the millions digit of 213254934?
3
What is the ten millions digit of 46023697?
4
What is the ten millions digit of 67731791?
6
What is the billions digit of 2645403804?
2
What is the ten millions digit of 773267467?
7
What is the ten thousands digit of 156930709?
3
What is the ten thousands digit of 4316799558?
9
What is the units digit of 87439815?
5
What is the tens digit of 13354661?
6
What is the hundred thousands digit of 5562132?
5
What is the units digit of 223965737?
7
What is the tens digit of 30214643?
4
What is the hundreds digit of 723707535?
5
What is the tens digit of 41747116?
1
What is the ten thousands digit of 767211969?
1
What is the tens digit of 19689371?
7
What is the units digit of 32815575?
5
What is the ten millions digit of 279919252?
7
What is the tens digit of 8